hen 53 is divided by g(-5)?
11
Let j(p) = 29*p - 11. Let b be j(3). Suppose -246 = -14*n + b. Calculate the remainder when n is divided by 5.
3
Suppose -5*v = -4*j + 839, 5*j - 849 = j - 5*v. Let p = j + -120. Calculate the remainder when p is divided by 31.
29
Suppose -2*g + 1195 + 519 = 5*l, 4*l - 5*g = 1358. Calculate the remainder when l is divided by 43.
41
Suppose 10*y - 81 = 7*y. Calculate the remainder when 45 is divided by y.
18
Let g = 133 - 132. Suppose 6*z = 2*z. Suppose i - 10 + z = -4*j, -3*i + 4 = -j. Calculate the remainder when j is divided by g.
0
Suppose -3*s = z - 258, z - 4*z = -9. Let i(h) = h**3 + 12*h**2 + 3*h - 24. Let c be i(-12). Let a = c + s. What is the remainder when 97 is divided by a?
22
Suppose -5*n + 0*y - 281 = 2*y, -3*n + 3*y - 177 = 0. Let j = n - -78. What is the remainder when 40 is divided by j?
19
Let s(y) = -4*y**2 - 14*y - 28. Let h(b) = b**2 - 1. Let l(x) = -5*h(x) - s(x). What is the remainder when 4 is divided by l(16)?
0
Let b be (-4 + 232/12)/((-1)/12). Let x = -91 - b. Let t = -2 + 26. Calculate the remainder when x is divided by t.
21
Let h be -3*(3 + 2 + -4). Let i(m) = -22*m - 7. What is the remainder when i(h) is divided by 12?
11
Suppose q + 59 = 2*q + 4*s, 3*q - 2*s - 163 = 0. Let c = -31 + 62. Suppose p + 3*i = -0*p + 3, p - 4*i - c = 0. Calculate the remainder when q is divided by p.
10
Suppose -2*c = 5*m - 0 + 7, -c + 2*m + 19 = 0. What is the remainder when (-38556)/(-1188) - 12/(-22) is divided by c?
6
Let n = -16 + 21. Suppose 26 + 54 = 4*c. Suppose n*k - c = 35. Calculate the remainder when 20 is divided by k.
9
Let d(z) = 3*z - 11. Suppose 3*k + 8 = 7*k. Suppose -40 = -5*i - k*w, i - 5*w + 4 = -3*w. What is the remainder when d(i) is divided by 5?
2
Suppose k = 31*m - 34*m + 114, k = -4*m + 151. What is the remainder when 128 is divided by m?
17
Let u = 50 + -36. What is the remainder when (-3 + -49 + -1)/(-1) is divided by u?
11
Suppose 10*l - 7*l = 15. Let r be 594/(-21) + (-8)/(-28). Let a = r + 47. What is the remainder when a is divided by l?
4
Let v be (-2 - -1)*55 - (5 - 1). Let i = -15 - v. Calculate the remainder when 173 is divided by i.
41
Let v(r) = r**2 - 4*r + 2. Let k be v(4). Suppose -b = -4*w, 5*b + 0*w + k*w - 44 = 0. Calculate the remainder when -2*(-12)/b + 0 is divided by 3.
0
Suppose d + 5*s - 75 = s, 270 = 4*d + s. What is the remainder when 1339 is divided by d?
66
Let w(p) = 2*p**2 + p + 24. Calculate the remainder when w(7) is divided by 10.
9
Let w(b) = b**2 + 4*b + 9. Let v be (2 - -1)*(-12)/9. Calculate the remainder when w(v) is divided by 3.
0
Suppose 12*a + 1029 = 1413. Calculate the remainder when 157 is divided by a.
29
Suppose -3*u = -s + 40 - 9, 0 = 3*s - 4*u - 113. Calculate the remainder when s is divided by 13.
4
Suppose -5*r - 15 = -5*i, -2*r - 7 + 4 = -5*i. Let x(n) be the second derivative of -13*n**3/6 + 2*n + 26. Calculate the remainder when 51 is divided by x(i).
12
Let b = -11 - -18. Calculate the remainder when (18/24)/(3015/500 + -6) is divided by b.
4
Suppose -536 = -2*z - 88. Suppose 0*v = -4*v + z. Calculate the remainder when v is divided by 20.
16
Calculate the remainder when 10/65 + 315/65 - -33 is divided by 8.
6
Let a(r) = -r - 18. Let p(c) = c + 15. Let v(d) = 5*a(d) + 6*p(d). Let q be -1 + 1 + (8 - 1). Calculate the remainder when 27 is divided by v(q).
6
Let k = -70 + 58. Let r(c) = -c**2 - 14*c - 16. Suppose -35 + 5 = -2*j. Calculate the remainder when j is divided by r(k).
7
What is the remainder when 319 is divided by -11 + (120/12 - -15)?
11
Suppose 542*v - 549*v + 245 = 0. What is the remainder when 69 is divided by v?
34
Let d = 823 + -811. What is the remainder when 211 is divided by d?
7
Let f be 12/8*2 - 0. Suppose 5*l = 0, f*h - 4*h = l - 6. What is the remainder when -2 + 34 - (1 + -4) is divided by h?
5
Suppose 0 = 3*g - 0*i + 3*i - 27, 0 = -g + 4*i - 6. Suppose -g*o + 567 = o. Calculate the remainder when o is divided by 21.
18
Suppose -3*c + 80 + 148 = 0. Let k(w) = 14*w**2 + 85*w + 41. Calculate the remainder when k(-6) is divided by ((-1)/1)/((-4)/c).
16
Let c = -9 - -56. Suppose 3*j - 3*r - 87 = 0, 19*j - 104 = 15*j + r. What is the remainder when c is divided by j?
22
Let q be (-4755)/(-45) + 1/3. Let t = -4 + q. Suppose -104 = -j - 3*j. Calculate the remainder when t is divided by j.
24
Suppose 0 = 30*z - 6950 - 9910. What is the remainder when z is divided by 137?
14
Suppose 4*w + 0*w - 692 = -4*i, 5*i + 4*w - 860 = 0. Suppose u + 5*y = i, -2*y - 562 = -2*u - 2*u. What is the remainder when u is divided by 24?
23
Let l(h) = h**2 - h - 1. Let f be l(-1). What is the remainder when 3/(-6)*(-45 - f) is divided by 8?
7
Let o(y) = 4*y**3 + 21*y**2 + 9*y + 2. What is the remainder when 2909 is divided by o(-3)?
53
Let n = 55 + -31. Suppose 5*f - 204 = -n. Calculate the remainder when 69 is divided by f.
33
Suppose -32 = -r - 12. Let b be 9/2*(2 - 0). Suppose -b = -s - 3. What is the remainder when r is divided by s?
2
Let c = 1696 - 1203. Calculate the remainder when c is divided by 162.
7
Suppose -i - 30 = -6*i. Suppose 10 = -j + i*j. Suppose -f = -2*w - 11, 5*f + j*w - 10 = 69. What is the remainder when 42 is divided by f?
12
Suppose 4*v - 7 - 5 = 0. Suppose 5*b = 4*w + 4, -2*b - 8 = -v*w - w. What is the remainder when 11 is divided by w?
3
Suppose 0 = -4*o - 13*o + 2159. Calculate the remainder when o is divided by 16.
15
Let z(j) = 3*j**3 - j**3 + 7 + 5*j + 4*j**2 - 9*j**2 - 3*j. Let a be (-6)/4*(2 - (-2 + 6)). Calculate the remainder when 85 is divided by z(a).
19
Let n = -63 - -78. Calculate the remainder when 83 is divided by n.
8
Let n = 2763 - 4212. Let i = 22 + -7. Calculate the remainder when n/(-35) + (-2)/5 is divided by i.
11
Suppose z - 1 = -30. Let k = 38 + z. Let o = 19 - 15. What is the remainder when k is divided by o?
1
Let p(l) = 2*l**2 - l + 14. Let t be 297/66 + (-1)/(-2). What is the remainder when p(t) is divided by 31?
28
Suppose 1120 + 1160 = 24*k. Calculate the remainder when k is divided by 24.
23
Let v(g) = -g + 22. Let j(w) = -w**2. Let m(o) = -2*j(o) + v(o). What is the remainder when m(7) is divided by 23?
21
Let h = 76 + -66. Calculate the remainder when 239 is divided by h.
9
Suppose -3*j = -0*j + 12, 170 = -3*l - 2*j. Let b be (-8)/(-20) - l/15. Calculate the remainder when 410/18 + b/18 is divided by 6.
5
Suppose 92 = 4*c + 2*h, -4*c + 0*h = -5*h - 92. Suppose -3*s = -6 - 12. Calculate the remainder when c is divided by s.
5
Suppose -24*m + 36 = -15*m. Suppose -3*q - 3*w + 75 = 0, -19 = 3*q + w - 92. Suppose -2*k + 5*k = q. What is the remainder when k is divided by m?
0
Suppose 0 = -13*l + 128 + 249. Suppose 0 = 3*h + h - 224. Calculate the remainder when h is divided by l.
27
Let y(w) = -w**2 + 17*w + 74. What is the remainder when 440 is divided by y(17)?
70
Let y(v) = v**2 + 11*v + 39. Suppose -5*w + 3 = -12. Suppose w*r + 7 = 133. Calculate the remainder when r is divided by y(-8).
12
Let n = -15 + 46. Let i = 256 - 136. Calculate the remainder when i is divided by n.
27
Let i be 200/(-90) + (-2)/(-9). Let d(q) = q + 9. Let b(o) = -o**2 - 5*o + 3. What is the remainder when d(i) is divided by b(-5)?
1
Let v(w) = 10*w - 3. Let z(j) = -20*j + 7. Let c(i) = -9*v(i) - 4*z(i). Let h be c(-1). Let a = -3 + h. What is the remainder when a is divided by 5?
1
Let y(n) = -1 - 5 + 1 + 0 - 6*n - n**2. Let k be y(-4). Let v(w) = -w**3 + 6*w**2 - 3*w - 3. Calculate the remainder when v(k) is divided by 6.
3
Let l be (18 + -1)*(6 - 7). Calculate the remainder when (l - -30) + -2*2 is divided by 4.
1
Let b be ((-1)/(-3))/(0 + 4/(-24)). Calculate the remainder when 39 is divided by (0 - b) + (5 - -13).
19
Let o be 76/(-6) + 2/3. What is the remainder when (-951)/o + 3/(-12) is divided by 41?
38
What is the remainder when 298 is divided by (-180)/216 - 431/(-6)?
14
Let w(f) = -f**3 - 2*f**2 + 15*f + 34. Calculate the remainder when 51 is divided by w(-2).
3
Let u(p) be the first derivative of p**4/4 + 8*p**3/3 - 5*p**2 - 9*p + 3. Let n be u(-9). Calculate the remainder when 39 is divided by 7/(-2)*(n - 4).
11
Suppose 4*k = -4*b + 1680, -3*b + 2084 = 2*b - 3*k. Let j be (-1)/4 + b/8. Calculate the remainder when 37 is divided by j/5 + 8/(-20).
7
Let a be (8*-5)/((-10)/15). Let t 